36817 a prime number?
False
Is 22823 a composite number?
True
Is 169861 a prime number?
False
Is 227287 a composite number?
True
Is 76999 composite?
True
Is 3017119 a composite number?
True
Is 287321 composite?
False
Is 36761 a prime number?
True
Is 111451 a prime number?
False
Is 3491 a prime number?
True
Is 33479 composite?
False
Is 874999 a prime number?
False
Is 508259 a prime number?
True
Is 59197 a composite number?
False
Is 6245 a prime number?
False
Is 7823 prime?
True
Is 700221 a composite number?
True
Is 166541 a composite number?
False
Is 8941 a composite number?
False
Is 72439 a prime number?
False
Is 2413 a composite number?
True
Is 38834 a prime number?
False
Is 47327 composite?
True
Is 2837 prime?
True
Is 141601 a prime number?
True
Is 761669 composite?
False
Is 410195 a prime number?
False
Is 1597 a prime number?
True
Is 919913 a prime number?
True
Is 6445 composite?
True
Is 187823 a composite number?
False
Is 83537 a composite number?
False
Is 1277 composite?
False
Is 13249 a prime number?
True
Is 277637 a prime number?
True
Is 1195189 composite?
False
Is 1353747 a prime number?
False
Is 1690349 composite?
False
Is 40423 composite?
False
Is 2015447 composite?
True
Is 45635 a prime number?
False
Is 576815 composite?
True
Is 57451 a prime number?
False
Is 320783 composite?
True
Is 25057 composite?
False
Is 3396551 composite?
False
Is 2205229 prime?
False
Is 312371 a composite number?
False
Is 21439 prime?
False
Is 386851 a composite number?
False
Is 369469 composite?
False
Is 6127 prime?
False
Is 1590161 a composite number?
False
Is 114697 prime?
False
Is 1397 composite?
True
Is 199067 a composite number?
True
Is 1093429 a prime number?
False
Is 107069 prime?
True
Is 28729 prime?
True
Is 26911 a prime number?
False
Is 9979 composite?
True
Is 585149 composite?
False
Is 14683 a prime number?
True
Is 44747 composite?
True
Is 14597 a composite number?
True
Is 16817 a prime number?
False
Is 2811 prime?
False
Is 35747 composite?
False
Is 153059 prime?
True
Is 6913 prime?
False
Is 77951 prime?
True
Is 4009 prime?
False
Is 14738 a prime number?
False
Is 57518 composite?
True
Is 13689431 prime?
False
Is 439081 a composite number?
False
Is 81509 prime?
True
Is 281939 a composite number?
True
Is 9767 composite?
False
Is 10037 composite?
False
Is 1243 a prime number?
False
Is 126797 a composite number?
True
Is 15959 a prime number?
True
Is 1937 composite?
True
Is 54709 a composite number?
False
Is 3143 prime?
False
Is 4391 composite?
False
Is 55766 a composite number?
True
Is 4193 prime?
False
Is 18839 prime?
True
Is 128281 a prime number?
False
Is 62105 composite?
True
Is 164653 prime?
True
Is 195103 prime?
True
Is 1901 composite?
False
Is 10793 prime?
False
Is 1361 a composite number?
False
Is 6588149 a prime number?
True
Is 46459 composite?
True
Is 450493 prime?
True
Is 94201 prime?
True
Is 20395 a composite number?
True
Is 840529 prime?
False
Is 479 prime?
True
Is 95527 composite?
False
Is 1025641 a composite number?
False
Is 19531 composite?
False
Is 5227 a composite number?
False
Is 1211477 a composite number?
False
Is 9521 a prime number?
True
Is 214021 prime?
True
Is 67121 prime?
True
Is 537 composite?
True
Is 67517 a prime number?
False
Is 41279 a prime number?
False
Is 1969 a composite number?
True
Is 3957 a composite number?
True
Is 181783 a composite number?
True
Is 127913 prime?
True
Is 56698 a prime number?
False
Is 118353 a prime number?
False
Is 1485683 a composite number?
False
Is 223 a prime number?
True
Is 22679 composite?
False
Is 1883 a prime number?
False
Is 3179411 a composite number?
True
Is 368273 prime?
True
Is 1191 a composite number?
True
Is 18809 prime?
False
Is 41977 a composite number?
True
Is 120749 a prime number?
True
Is 28729 composite?
False
Is 3754 a composite number?
True
Is 523 composite?
False
Is 15877 a composite number?
False
Is 1875521 a prime number?
True
Is 362051 a prime number?
True
Is 2545 a prime number?
False
Is 29383 a composite number?
False
Is 217307 prime?
True
Is 615253 a composite number?
False
Is 17153 prime?
False
Is 1150243 prime?
True
Is 48747 a prime number?
False
Is 263591 prime?
True
Is 10133 a prime number?
True
Is 234001 a prime number?
False
Is 72031 a prime number?
True
Is 996131 composite?
True
Is 2866807 prime?
True
Is 911305 a composite number?
True
Is 1721 a prime number?
True
Is 18754 a composite number?
True
Is 5077 a prime number?
True
Is 5623 composite?
False
Is 19373 composite?
False
Is 6863 a composite number?
False
Is 249647 composite?
False
Is 161767 a composite number?
True
Is 1074533 a prime number?
True
Is 10099 prime?
True
Is 17059 a prime number?
False
Is 491 a prime number?
True
Is 367519 a composite number?
False
Is 4894 a composite number?
True
Is 9371 a prime number?
True
Is 85801 a composite number?
True
Is 97423 prime?
True
Is 898177 a prime number?
False
Is 279397 a composite number?
False
Is 468757 prime?
False
Is 140579 a prime number?
False
Is 24271 a prime number?
False
Is 291817 a prime number?
True
Is 796091 prime?
True
Is 372399 composite?
True
Is 108401 prime?
True
Is 24713 a composite number?
True
Is 29327 prime?
True
Is 56849 a composite number?
True
Is 1757033 prime?
True
Is 17377 composite?
False
Is 1651 a composite number?
True
Is 5207 a composite number?
True
Is 148073 composite?
False
Is 1890203 prime?
False
Is 253 prime?
False
Is 347227 prime?
True
Is 6261 a composite number?
True
Is 20281 a prime number?
False
Is 1455821 a composite number?
False
Is 7451 composite?
False
Is 470479 composite?
True
Is 208214 a composite number?
True
Is 10909 composite?
False
Is 26254 a composite number?
True
Is 690583 prime?
True
Is 58277 prime?
False
Is 1777 a prime number?
True
Is 14435 a prime number?
False
Is 9271 a composite number?
True
Is 566663 a composite number?
True
Is 439739 a composite number?
True
Is 33281 prime?
False
Is 169439 prime?
False
Is 347037 composite?
True
Is 42122 prime?
False
Is 6029 prime?
True
Is 16565 prime?
False
Is 172399 composite?
False
Is 132395 prime?
False
Is 154097 a composite number?
False
Is 1657 a composite number?
False
Is 164821 composite?
False
Is 21269 prime?
True
Is 81223 a composite number?
False
Is 57173 prime?
True
Is 1034729 composite?
False
Is 41221 a prime number?
True
Is 162061 a prime number?
False
Is 134801 a composite number?
True
Is 2462315 prime?
False
Is 352691 composite?
False
Is 11366 prime?
False
Is 3647 composite?
True
Is 374971 a prime number?
False
Is 4583 composite?
False
Is 763979 a composite number?
True
Is 86369 prime?
True
Is 48613 a composite number?
True
Is 9533 composite?
False
Is 2579 prime?
True
Is 58334 a composite number?
True
Is 23663 prime?
True
Is 205231 prime?
False
Is 850753 a prime number?
True
Is 347 composite?
False
Is 137435 a composite number?
True
Is 1234093 prime?
False
Is 36433 composite?
False
Is 1151 a prime number?
True
Is 9346705 a prime number?
False
Is 3637 composite?
False
Is 472883 a prime number?
True
Is 3389 composite?
False
Is 191 a prime number?
True
Is 1579971 a composite number?
True
Is 58567 a composite number?
False
Is 13535 a composite number?
True
Is 135029 a prime number?
True
Is 43211 a prime number?
False
Is 449921 prime?
True
Is 7277 a composite number?
True
Is 60539 prime?
True
Is 344587 a composite number?
False
Is 629081 a prime number?
True
Is 535 a composite number?
True
Is 1377971 composite?
True
Is 22929 a prime number?
False
Is 10157 composite?
True
Is 3943 prime?
True
Is 1361 a composite number?
False
Is 618265 prime?
False
Is 328297 a composite number?
True
Is 202018 a composite number?
True
Is 32141 composite?
False
Is 14483 composite?
True
Is 14969 a composite number?
False
Is 64994 a composite number?
True
Is 256271 composite?
True
Is 42221 a composite number?
False
Is 69349 a composite number?
True
Is 635167 prime?
False
Is 28901 a composite number?
False
Is 672007 a prime number?
False
Is 19407 a prime number?
False
Is 21661 composite?
False
Is 3281 composite?
True
Is 1025339 prime?
False
Is 52147 prime?
True
Is 623695 a composite number?
True
Is 44841 composite?
True
Is 358901 a composite number?
False
Is 94201 a composite number?
False
Is 14585 prime?
False
Is 7978 a composite number?
True
Is 1264363 composite?
False
Is 6